{"id":323,"date":"2022-07-27T13:54:05","date_gmt":"2022-07-27T13:54:05","guid":{"rendered":"https:\/\/kralj-km.hr\/?page_id=323"},"modified":"2022-08-09T15:37:28","modified_gmt":"2022-08-09T15:37:28","slug":"rabljeni-strojevi","status":"publish","type":"page","link":"https:\/\/kralj-km.hr\/index.php\/rabljeni-strojevi\/","title":{"rendered":"Rabljeni strojevi"},"content":{"rendered":"\t\t<div data-elementor-type=\"wp-page\" data-elementor-id=\"323\" class=\"elementor elementor-323\" data-elementor-post-type=\"page\">\n\t\t\t\t\t\t<section class=\"elementor-section elementor-top-section elementor-element elementor-element-7da78f64 elementor-section-boxed elementor-section-height-default elementor-section-height-default\" data-id=\"7da78f64\" data-element_type=\"section\" data-settings=\"{&quot;background_background&quot;:&quot;classic&quot;}\">\n\t\t\t\t\t\t<div class=\"elementor-container elementor-column-gap-default\">\n\t\t\t\t\t<div class=\"elementor-column elementor-col-100 elementor-top-column elementor-element elementor-element-7420fb8\" data-id=\"7420fb8\" data-element_type=\"column\">\n\t\t\t<div class=\"elementor-widget-wrap elementor-element-populated\">\n\t\t\t\t\t\t<div class=\"elementor-element elementor-element-6fa8a5d2 elementor-widget elementor-widget-heading\" data-id=\"6fa8a5d2\" data-element_type=\"widget\" data-widget_type=\"heading.default\">\n\t\t\t\t<div class=\"elementor-widget-container\">\n\t\t\t<style>\/*! elementor - v3.23.0 - 05-08-2024 *\/\n.elementor-heading-title{padding:0;margin:0;line-height:1}.elementor-widget-heading .elementor-heading-title[class*=elementor-size-]>a{color:inherit;font-size:inherit;line-height:inherit}.elementor-widget-heading .elementor-heading-title.elementor-size-small{font-size:15px}.elementor-widget-heading .elementor-heading-title.elementor-size-medium{font-size:19px}.elementor-widget-heading .elementor-heading-title.elementor-size-large{font-size:29px}.elementor-widget-heading .elementor-heading-title.elementor-size-xl{font-size:39px}.elementor-widget-heading .elementor-heading-title.elementor-size-xxl{font-size:59px}<\/style><h2 class=\"elementor-heading-title elementor-size-default\">U na\u0161oj ponudi se nalaze i rabljeni strojevi. Nudimo razne traktore, kombajne, teleskopske utovariva\u010de i ostale priklju\u010dke\n<\/h2>\t\t<\/div>\n\t\t\t\t<\/div>\n\t\t\t\t\t<\/div>\n\t\t<\/div>\n\t\t\t\t\t<\/div>\n\t\t<\/section>\n\t\t\t\t<section class=\"elementor-section elementor-top-section elementor-element elementor-element-73813d8 elementor-section-boxed elementor-section-height-default elementor-section-height-default\" data-id=\"73813d8\" data-element_type=\"section\">\n\t\t\t\t\t\t<div class=\"elementor-container elementor-column-gap-default\">\n\t\t\t\t\t<div class=\"elementor-column elementor-col-100 elementor-top-column elementor-element elementor-element-ca558b7\" data-id=\"ca558b7\" data-element_type=\"column\">\n\t\t\t<div class=\"elementor-widget-wrap elementor-element-populated\">\n\t\t\t\t\t\t<div class=\"elementor-element elementor-element-2edbf8e elementor-grid-3 elementor-grid-tablet-2 elementor-grid-mobile-1 elementor-widget elementor-widget-portfolio\" data-id=\"2edbf8e\" data-element_type=\"widget\" data-settings=\"{&quot;row_gap&quot;:{&quot;unit&quot;:&quot;px&quot;,&quot;size&quot;:6,&quot;sizes&quot;:[]},&quot;columns&quot;:&quot;3&quot;,&quot;columns_tablet&quot;:&quot;2&quot;,&quot;columns_mobile&quot;:&quot;1&quot;,&quot;item_ratio&quot;:{&quot;unit&quot;:&quot;px&quot;,&quot;size&quot;:0.66,&quot;sizes&quot;:[]},&quot;item_gap&quot;:{&quot;unit&quot;:&quot;px&quot;,&quot;size&quot;:&quot;&quot;,&quot;sizes&quot;:[]}}\" data-widget_type=\"portfolio.default\">\n\t\t\t\t<div class=\"elementor-widget-container\">\n\t\t\t<link rel=\"stylesheet\" href=\"https:\/\/kralj-km.hr\/wp-content\/plugins\/elementor-pro\/assets\/css\/widget-posts.min.css?ver=1724067256\">\t\t<ul class=\"elementor-portfolio__filters\">\n\t\t\t<li class=\"elementor-portfolio__filter elementor-active\" tabindex=\"0\" data-filter=\"__all\">All<\/li>\n\t\t\t\t\t\t\t<li class=\"elementor-portfolio__filter\" tabindex=\"0\" data-filter=\"22\">Balirke<\/li>\n\t\t\t\t\t\t\t<li class=\"elementor-portfolio__filter\" tabindex=\"0\" data-filter=\"16\">Kombajni<\/li>\n\t\t\t\t\t\t\t<li class=\"elementor-portfolio__filter\" tabindex=\"0\" data-filter=\"13\">Mal\u010deri<\/li>\n\t\t\t\t\t\t\t<li class=\"elementor-portfolio__filter\" tabindex=\"0\" data-filter=\"17\">Traktori<\/li>\n\t\t\t\t\t\t\t<li class=\"elementor-portfolio__filter\" tabindex=\"0\" data-filter=\"11\">Vilju\u0161kari<\/li>\n\t\t\t\t\t<\/ul>\n\t\t\t\t<div class=\"elementor-portfolio elementor-grid elementor-posts-container\">\n\t\t\t\t<article class=\"elementor-portfolio-item elementor-post elementor-filter-13 post-3475 post type-post status-publish format-standard has-post-thumbnail hentry category-malceri\">\n\t\t\t<a class=\"elementor-post__thumbnail__link\" href=\"https:\/\/kralj-km.hr\/index.php\/2026\/03\/06\/malcer-lisicki-kb-200\/\">\n\t\t\t\t<div class=\"elementor-portfolio-item__img elementor-post__thumbnail\">\n\t\t\t<img fetchpriority=\"high\" decoding=\"async\" width=\"768\" height=\"576\" src=\"data:image\/gif;base64,R0lGODlhAQABAAAAACH5BAEKAAEALAAAAAABAAEAAAICTAEAOw==\" class=\"attachment-medium_large size-medium_large wp-image-3476 lazyload\" alt=\"WhatsApp Image 2025 11 13 at 09.18.44\" sizes=\"(max-width: 768px) 100vw, 768px\" data-src=\"https:\/\/kralj-km.hr\/wp-content\/uploads\/2026\/03\/WhatsApp-Image-2025-11-13-at-09.18.44-768x576.jpeg\" data-srcset=\"https:\/\/kralj-km.hr\/wp-content\/uploads\/2026\/03\/WhatsApp-Image-2025-11-13-at-09.18.44-768x576.jpeg 768w, https:\/\/kralj-km.hr\/wp-content\/uploads\/2026\/03\/WhatsApp-Image-2025-11-13-at-09.18.44-300x225.jpeg 300w, https:\/\/kralj-km.hr\/wp-content\/uploads\/2026\/03\/WhatsApp-Image-2025-11-13-at-09.18.44-1024x768.jpeg 1024w, https:\/\/kralj-km.hr\/wp-content\/uploads\/2026\/03\/WhatsApp-Image-2025-11-13-at-09.18.44-1536x1152.jpeg 1536w, https:\/\/kralj-km.hr\/wp-content\/uploads\/2026\/03\/WhatsApp-Image-2025-11-13-at-09.18.44.jpeg 1600w\">\t\t<\/div>\n\t\t\t\t<div class=\"elementor-portfolio-item__overlay\">\n\t\t\t\t<h3 class=\"elementor-portfolio-item__title\">\n\t\tMal\u010der Lisicki KB 200\t\t<\/h3>\n\t\t\t\t<\/div>\n\t\t\t\t<\/a>\n\t\t<\/article>\n\t\t\t\t<article class=\"elementor-portfolio-item elementor-post elementor-filter-16 post-3469 post type-post status-publish format-standard has-post-thumbnail hentry category-kombajni\">\n\t\t\t<a class=\"elementor-post__thumbnail__link\" href=\"https:\/\/kralj-km.hr\/index.php\/2026\/03\/06\/kombajn-za-krumpir-wuhlmaus-1733p\/\">\n\t\t\t\t<div class=\"elementor-portfolio-item__img elementor-post__thumbnail\">\n\t\t\t<img decoding=\"async\" width=\"768\" height=\"576\" src=\"data:image\/gif;base64,R0lGODlhAQABAAAAACH5BAEKAAEALAAAAAABAAEAAAICTAEAOw==\" class=\"attachment-medium_large size-medium_large wp-image-3470 lazyload\" alt=\"WhatsApp Image 2025 11 24 at 09.40.33\" sizes=\"(max-width: 768px) 100vw, 768px\" data-src=\"https:\/\/kralj-km.hr\/wp-content\/uploads\/2026\/03\/WhatsApp-Image-2025-11-24-at-09.40.33-768x576.jpeg\" data-srcset=\"https:\/\/kralj-km.hr\/wp-content\/uploads\/2026\/03\/WhatsApp-Image-2025-11-24-at-09.40.33-768x576.jpeg 768w, https:\/\/kralj-km.hr\/wp-content\/uploads\/2026\/03\/WhatsApp-Image-2025-11-24-at-09.40.33-300x225.jpeg 300w, https:\/\/kralj-km.hr\/wp-content\/uploads\/2026\/03\/WhatsApp-Image-2025-11-24-at-09.40.33-1024x768.jpeg 1024w, https:\/\/kralj-km.hr\/wp-content\/uploads\/2026\/03\/WhatsApp-Image-2025-11-24-at-09.40.33-1536x1152.jpeg 1536w, https:\/\/kralj-km.hr\/wp-content\/uploads\/2026\/03\/WhatsApp-Image-2025-11-24-at-09.40.33.jpeg 1600w\">\t\t<\/div>\n\t\t\t\t<div class=\"elementor-portfolio-item__overlay\">\n\t\t\t\t<h3 class=\"elementor-portfolio-item__title\">\n\t\tKombajn za krumpir Wuhlmaus 1733P\t\t<\/h3>\n\t\t\t\t<\/div>\n\t\t\t\t<\/a>\n\t\t<\/article>\n\t\t\t\t<article class=\"elementor-portfolio-item elementor-post elementor-filter-17 post-3462 post type-post status-publish format-standard has-post-thumbnail hentry category-traktori\">\n\t\t\t<a class=\"elementor-post__thumbnail__link\" href=\"https:\/\/kralj-km.hr\/index.php\/2026\/03\/06\/traktor-claas-arion-610\/\">\n\t\t\t\t<div class=\"elementor-portfolio-item__img elementor-post__thumbnail\">\n\t\t\t<img decoding=\"async\" width=\"768\" height=\"576\" src=\"data:image\/gif;base64,R0lGODlhAQABAAAAACH5BAEKAAEALAAAAAABAAEAAAICTAEAOw==\" class=\"attachment-medium_large size-medium_large wp-image-3463 lazyload\" alt=\"WhatsApp Image 2025 10 30 at 17.09.32\" sizes=\"(max-width: 768px) 100vw, 768px\" data-src=\"https:\/\/kralj-km.hr\/wp-content\/uploads\/2026\/03\/WhatsApp-Image-2025-10-30-at-17.09.32-768x576.jpeg\" data-srcset=\"https:\/\/kralj-km.hr\/wp-content\/uploads\/2026\/03\/WhatsApp-Image-2025-10-30-at-17.09.32-768x576.jpeg 768w, https:\/\/kralj-km.hr\/wp-content\/uploads\/2026\/03\/WhatsApp-Image-2025-10-30-at-17.09.32-300x225.jpeg 300w, https:\/\/kralj-km.hr\/wp-content\/uploads\/2026\/03\/WhatsApp-Image-2025-10-30-at-17.09.32-1024x768.jpeg 1024w, https:\/\/kralj-km.hr\/wp-content\/uploads\/2026\/03\/WhatsApp-Image-2025-10-30-at-17.09.32-1536x1152.jpeg 1536w, https:\/\/kralj-km.hr\/wp-content\/uploads\/2026\/03\/WhatsApp-Image-2025-10-30-at-17.09.32.jpeg 2048w\">\t\t<\/div>\n\t\t\t\t<div class=\"elementor-portfolio-item__overlay\">\n\t\t\t\t<h3 class=\"elementor-portfolio-item__title\">\n\t\tTraktor Claas Arion 610\t\t<\/h3>\n\t\t\t\t<\/div>\n\t\t\t\t<\/a>\n\t\t<\/article>\n\t\t\t\t<article class=\"elementor-portfolio-item elementor-post elementor-filter-22 post-3040 post type-post status-publish format-standard has-post-thumbnail hentry category-balirke\">\n\t\t\t<a class=\"elementor-post__thumbnail__link\" href=\"https:\/\/kralj-km.hr\/index.php\/2024\/05\/03\/rolo-balirka-new-holland-br-750\/\">\n\t\t\t\t<div class=\"elementor-portfolio-item__img elementor-post__thumbnail\">\n\t\t\t<img loading=\"lazy\" decoding=\"async\" width=\"768\" height=\"576\" src=\"data:image\/gif;base64,R0lGODlhAQABAAAAACH5BAEKAAEALAAAAAABAAEAAAICTAEAOw==\" class=\"attachment-medium_large size-medium_large wp-image-3041 lazyload\" alt=\"WhatsApp Image 2024 03 11 at 08.49.50 (1)\" sizes=\"(max-width: 768px) 100vw, 768px\" data-src=\"https:\/\/kralj-km.hr\/wp-content\/uploads\/2024\/05\/WhatsApp-Image-2024-03-11-at-08.49.50-1-768x576.jpeg\" data-srcset=\"https:\/\/kralj-km.hr\/wp-content\/uploads\/2024\/05\/WhatsApp-Image-2024-03-11-at-08.49.50-1-768x576.jpeg 768w, https:\/\/kralj-km.hr\/wp-content\/uploads\/2024\/05\/WhatsApp-Image-2024-03-11-at-08.49.50-1-300x225.jpeg 300w, https:\/\/kralj-km.hr\/wp-content\/uploads\/2024\/05\/WhatsApp-Image-2024-03-11-at-08.49.50-1-1024x768.jpeg 1024w, https:\/\/kralj-km.hr\/wp-content\/uploads\/2024\/05\/WhatsApp-Image-2024-03-11-at-08.49.50-1-1536x1152.jpeg 1536w, https:\/\/kralj-km.hr\/wp-content\/uploads\/2024\/05\/WhatsApp-Image-2024-03-11-at-08.49.50-1.jpeg 1600w\">\t\t<\/div>\n\t\t\t\t<div class=\"elementor-portfolio-item__overlay\">\n\t\t\t\t<h3 class=\"elementor-portfolio-item__title\">\n\t\tRolo balirka New Holland BR 750\t\t<\/h3>\n\t\t\t\t<\/div>\n\t\t\t\t<\/a>\n\t\t<\/article>\n\t\t\t\t<article class=\"elementor-portfolio-item elementor-post elementor-filter-22 post-3027 post type-post status-publish format-standard has-post-thumbnail hentry category-balirke\">\n\t\t\t<a class=\"elementor-post__thumbnail__link\" href=\"https:\/\/kralj-km.hr\/index.php\/2024\/05\/03\/rolo-balirka-feraboli-sprinter-180\/\">\n\t\t\t\t<div class=\"elementor-portfolio-item__img elementor-post__thumbnail\">\n\t\t\t<img loading=\"lazy\" decoding=\"async\" width=\"768\" height=\"576\" src=\"data:image\/gif;base64,R0lGODlhAQABAAAAACH5BAEKAAEALAAAAAABAAEAAAICTAEAOw==\" class=\"attachment-medium_large size-medium_large wp-image-3028 lazyload\" alt=\"WhatsApp Image 2024 03 15 at 15.15.04\" sizes=\"(max-width: 768px) 100vw, 768px\" data-src=\"https:\/\/kralj-km.hr\/wp-content\/uploads\/2024\/05\/WhatsApp-Image-2024-03-15-at-15.15.04-768x576.jpeg\" data-srcset=\"https:\/\/kralj-km.hr\/wp-content\/uploads\/2024\/05\/WhatsApp-Image-2024-03-15-at-15.15.04-768x576.jpeg 768w, https:\/\/kralj-km.hr\/wp-content\/uploads\/2024\/05\/WhatsApp-Image-2024-03-15-at-15.15.04-300x225.jpeg 300w, https:\/\/kralj-km.hr\/wp-content\/uploads\/2024\/05\/WhatsApp-Image-2024-03-15-at-15.15.04-1024x768.jpeg 1024w, https:\/\/kralj-km.hr\/wp-content\/uploads\/2024\/05\/WhatsApp-Image-2024-03-15-at-15.15.04-1536x1152.jpeg 1536w, https:\/\/kralj-km.hr\/wp-content\/uploads\/2024\/05\/WhatsApp-Image-2024-03-15-at-15.15.04.jpeg 1600w\">\t\t<\/div>\n\t\t\t\t<div class=\"elementor-portfolio-item__overlay\">\n\t\t\t\t<h3 class=\"elementor-portfolio-item__title\">\n\t\tRolo balirka Feraboli Sprinter 180\t\t<\/h3>\n\t\t\t\t<\/div>\n\t\t\t\t<\/a>\n\t\t<\/article>\n\t\t\t\t<article class=\"elementor-portfolio-item elementor-post elementor-filter-11 post-2668 post type-post status-publish format-standard has-post-thumbnail hentry category-viljuskari\">\n\t\t\t<a class=\"elementor-post__thumbnail__link\" href=\"https:\/\/kralj-km.hr\/index.php\/2023\/01\/12\/elektricni-paletar-sa-stajacom-platformom-bt-spe160\/\">\n\t\t\t\t<div class=\"elementor-portfolio-item__img elementor-post__thumbnail\">\n\t\t\t<img loading=\"lazy\" decoding=\"async\" width=\"768\" height=\"576\" src=\"data:image\/gif;base64,R0lGODlhAQABAAAAACH5BAEKAAEALAAAAAABAAEAAAICTAEAOw==\" class=\"attachment-medium_large size-medium_large wp-image-2672 lazyload\" alt=\"WhatsApp Image 2023 01 03 at 144359 1\" sizes=\"(max-width: 768px) 100vw, 768px\" data-src=\"https:\/\/kralj-km.hr\/wp-content\/uploads\/2023\/01\/WhatsApp-Image-2023-01-03-at-144359-1-768x576.jpeg\" data-srcset=\"https:\/\/kralj-km.hr\/wp-content\/uploads\/2023\/01\/WhatsApp-Image-2023-01-03-at-144359-1-768x576.jpeg 768w, https:\/\/kralj-km.hr\/wp-content\/uploads\/2023\/01\/WhatsApp-Image-2023-01-03-at-144359-1-300x225.jpeg 300w, https:\/\/kralj-km.hr\/wp-content\/uploads\/2023\/01\/WhatsApp-Image-2023-01-03-at-144359-1-1024x768.jpeg 1024w, https:\/\/kralj-km.hr\/wp-content\/uploads\/2023\/01\/WhatsApp-Image-2023-01-03-at-144359-1-1536x1152.jpeg 1536w, https:\/\/kralj-km.hr\/wp-content\/uploads\/2023\/01\/WhatsApp-Image-2023-01-03-at-144359-1.jpeg 2048w\">\t\t<\/div>\n\t\t\t\t<div class=\"elementor-portfolio-item__overlay\">\n\t\t\t\t<h3 class=\"elementor-portfolio-item__title\">\n\t\tElektri\u010dni paletar sa staja\u0107om platformom BT-SPE160\t\t<\/h3>\n\t\t\t\t<\/div>\n\t\t\t\t<\/a>\n\t\t<\/article>\n\t\t\t\t<\/div>\n\t\t\t\t<\/div>\n\t\t\t\t<\/div>\n\t\t\t\t\t<\/div>\n\t\t<\/div>\n\t\t\t\t\t<\/div>\n\t\t<\/section>\n\t\t\t\t<\/div>\n\t\t","protected":false},"excerpt":{"rendered":"<p>U na\u0161oj ponudi se nalaze i rabljeni strojevi. Nudimo razne traktore, kombajne, teleskopske utovariva\u010de i ostale priklju\u010dke<\/p>\n","protected":false},"author":1,"featured_media":0,"parent":0,"menu_order":0,"comment_status":"closed","ping_status":"closed","template":"elementor_header_footer","meta":{"om_disable_all_campaigns":false,"_monsterinsights_skip_tracking":false,"_monsterinsights_sitenote_active":false,"_monsterinsights_sitenote_note":"","_monsterinsights_sitenote_category":0,"footnotes":""},"class_list":["post-323","page","type-page","status-publish","hentry"],"aioseo_notices":[],"_links":{"self":[{"href":"https:\/\/kralj-km.hr\/index.php\/wp-json\/wp\/v2\/pages\/323","targetHints":{"allow":["GET"]}}],"collection":[{"href":"https:\/\/kralj-km.hr\/index.php\/wp-json\/wp\/v2\/pages"}],"about":[{"href":"https:\/\/kralj-km.hr\/index.php\/wp-json\/wp\/v2\/types\/page"}],"author":[{"embeddable":true,"href":"https:\/\/kralj-km.hr\/index.php\/wp-json\/wp\/v2\/users\/1"}],"replies":[{"embeddable":true,"href":"https:\/\/kralj-km.hr\/index.php\/wp-json\/wp\/v2\/comments?post=323"}],"version-history":[{"count":0,"href":"https:\/\/kralj-km.hr\/index.php\/wp-json\/wp\/v2\/pages\/323\/revisions"}],"wp:attachment":[{"href":"https:\/\/kralj-km.hr\/index.php\/wp-json\/wp\/v2\/media?parent=323"}],"curies":[{"name":"wp","href":"https:\/\/api.w.org\/{rel}","templated":true}]}}