{"id":9985,"date":"2024-08-14T11:21:47","date_gmt":"2024-08-14T11:21:47","guid":{"rendered":"https:\/\/kralj-km.hr\/Webshop\/?post_type=product&#038;p=9985"},"modified":"2024-08-17T14:08:32","modified_gmt":"2024-08-17T14:08:32","slug":"ina-hipenol-gtl-90-10-1","status":"publish","type":"product","link":"https:\/\/kralj-km.hr\/Webshop\/product\/ina-hipenol-gtl-90-10-1\/","title":{"rendered":"INA hipenol GTL 90, 10\/1"},"content":{"rendered":"<p>Cijena bez PDV-a!<\/p>\n<p>INA Hipenol GTL 90 je visokokvalitetno prijenosno ulje namijenjeno za podmazivanje zup\u010dastih prijenosa u motornim vozilima i industriji. Ova ulja su formulirana s pa\u017eljivo odabranim baznim uljima na bazi plinovitih teku\u0107ina (Gas to Liquid &#8211; GTL) i visokou\u010dinkovitim aditivima, pru\u017eaju\u0107i izvanrednu za\u0161titu od tro\u0161enja, oksidacije i korozije.<\/p>\n<p>Hipenol GTL 90 karakterizira odli\u010dna termi\u010dka i oksidacijska stabilnost, \u0161to omogu\u0107uje dugotrajan rad u te\u0161kim uvjetima, poput visokih temperatura i velikih optere\u0107enja. Ulje tako\u0111er osigurava visoku nosivost i otpornost na mikro-pitting, \u0161to ga \u010dini idealnim za uporabu u suvremenim prijenosnim sustavima s visokim zahtjevima.<\/p>\n<p>Pogodno je za \u0161irok raspon primjena, uklju\u010duju\u0107i mjenja\u010de, diferencijale i druge zup\u010daste prijenose u osobnim i komercijalnim vozilima, kao i u te\u0161kim industrijskim uvjetima. INA Hipenol GTL 90 pru\u017ea pouzdanu za\u0161titu i produ\u017eava vijek trajanja mehani\u010dkih komponenti, osiguravaju\u0107i optimalnu u\u010dinkovitost i smanjenje tro\u0161kova odr\u017eavanja.<\/p>\n","protected":false},"excerpt":{"rendered":"<p>Cijena bez PDV-a! INA Hipenol GTL 90 je visokokvalitetno prijenosno ulje namijenjeno za podmazivanje zup\u010dastih prijenosa u motornim vozilima i industriji. Ova ulja su formulirana s pa\u017eljivo odabranim baznim uljima na bazi plinovitih teku\u0107ina (Gas to Liquid &#8211; GTL) i visokou\u010dinkovitim aditivima, pru\u017eaju\u0107i izvanrednu za\u0161titu od tro\u0161enja, oksidacije i korozije. Hipenol GTL 90 karakterizira odli\u010dna [&hellip;]<\/p>\n","protected":false},"featured_media":9986,"comment_status":"open","ping_status":"closed","template":"","meta":{"_acf_changed":false},"product_brand":[],"product_cat":[33],"product_tag":[],"class_list":{"0":"post-9985","1":"product","2":"type-product","3":"status-publish","4":"has-post-thumbnail","6":"product_cat-ulja","7":"product_shipping_class-dostava-paketa-5-10kg","9":"first","10":"instock","11":"taxable","12":"shipping-taxable","13":"purchasable","14":"product-type-simple"},"acf":[],"_links":{"self":[{"href":"https:\/\/kralj-km.hr\/Webshop\/wp-json\/wp\/v2\/product\/9985","targetHints":{"allow":["GET"]}}],"collection":[{"href":"https:\/\/kralj-km.hr\/Webshop\/wp-json\/wp\/v2\/product"}],"about":[{"href":"https:\/\/kralj-km.hr\/Webshop\/wp-json\/wp\/v2\/types\/product"}],"replies":[{"embeddable":true,"href":"https:\/\/kralj-km.hr\/Webshop\/wp-json\/wp\/v2\/comments?post=9985"}],"wp:featuredmedia":[{"embeddable":true,"href":"https:\/\/kralj-km.hr\/Webshop\/wp-json\/wp\/v2\/media\/9986"}],"wp:attachment":[{"href":"https:\/\/kralj-km.hr\/Webshop\/wp-json\/wp\/v2\/media?parent=9985"}],"wp:term":[{"taxonomy":"product_brand","embeddable":true,"href":"https:\/\/kralj-km.hr\/Webshop\/wp-json\/wp\/v2\/product_brand?post=9985"},{"taxonomy":"product_cat","embeddable":true,"href":"https:\/\/kralj-km.hr\/Webshop\/wp-json\/wp\/v2\/product_cat?post=9985"},{"taxonomy":"product_tag","embeddable":true,"href":"https:\/\/kralj-km.hr\/Webshop\/wp-json\/wp\/v2\/product_tag?post=9985"}],"curies":[{"name":"wp","href":"https:\/\/api.w.org\/{rel}","templated":true}]}}