{"id":9945,"date":"2024-08-13T11:56:43","date_gmt":"2024-08-13T11:56:43","guid":{"rendered":"https:\/\/kralj-km.hr\/Webshop\/?post_type=product&#038;p=9945"},"modified":"2024-08-17T14:08:29","modified_gmt":"2024-08-17T14:08:29","slug":"ulje-shell-rimula-15w-40-5-1","status":"publish","type":"product","link":"https:\/\/kralj-km.hr\/Webshop\/product\/ulje-shell-rimula-15w-40-5-1\/","title":{"rendered":"Ulje Shell Rimula 15W-40, 5\/1"},"content":{"rendered":"<p>Cijena bez PDV-a<\/p>\n<p>Shell Rimula 15W-40 je visokokvalitetno motorno ulje koje pru\u017ea pouzdanu za\u0161titu i dugotrajnu u\u010dinkovitost za dizelske motore pod ekstremnim uslovima rada. Ova formulacija bazirana na naprednoj tehnologiji aditiva \u0161titi motor od habanja, taloga i oksidacije, produ\u017eavaju\u0107i vijek trajanja motora i intervale zamjene ulja. Shell Rimula 15W-40 osigurava stabilan viskozitet u \u0161irokom rasponu radnih temperatura, omogu\u0107uju\u0107i maksimalnu snagu i efikasnost motora \u010dak i u najte\u017eim radnim uslovima. Pogodno je za upotrebu u te\u0161kim vozilima, gra\u0111evinskoj opremi i poljoprivrednim ma\u0161inama. Odabir Shell Rimula 15W-40 ulja zna\u010di pouzdanu za\u0161titu i vrhunske performanse za va\u0161 motor.<\/p>\n","protected":false},"excerpt":{"rendered":"<p>Cijena bez PDV-a Shell Rimula 15W-40 je visokokvalitetno motorno ulje koje pru\u017ea pouzdanu za\u0161titu i dugotrajnu u\u010dinkovitost za dizelske motore pod ekstremnim uslovima rada. Ova formulacija bazirana na naprednoj tehnologiji aditiva \u0161titi motor od habanja, taloga i oksidacije, produ\u017eavaju\u0107i vijek trajanja motora i intervale zamjene ulja. Shell Rimula 15W-40 osigurava stabilan viskozitet u \u0161irokom rasponu [&hellip;]<\/p>\n","protected":false},"featured_media":9946,"comment_status":"open","ping_status":"closed","template":"","meta":{"_acf_changed":false},"product_brand":[],"product_cat":[33],"product_tag":[],"class_list":{"0":"post-9945","1":"product","2":"type-product","3":"status-publish","4":"has-post-thumbnail","6":"product_cat-ulja","7":"product_shipping_class-dostava-paketa-3-5kg","9":"first","10":"instock","11":"taxable","12":"shipping-taxable","13":"purchasable","14":"product-type-simple"},"acf":[],"_links":{"self":[{"href":"https:\/\/kralj-km.hr\/Webshop\/wp-json\/wp\/v2\/product\/9945","targetHints":{"allow":["GET"]}}],"collection":[{"href":"https:\/\/kralj-km.hr\/Webshop\/wp-json\/wp\/v2\/product"}],"about":[{"href":"https:\/\/kralj-km.hr\/Webshop\/wp-json\/wp\/v2\/types\/product"}],"replies":[{"embeddable":true,"href":"https:\/\/kralj-km.hr\/Webshop\/wp-json\/wp\/v2\/comments?post=9945"}],"wp:featuredmedia":[{"embeddable":true,"href":"https:\/\/kralj-km.hr\/Webshop\/wp-json\/wp\/v2\/media\/9946"}],"wp:attachment":[{"href":"https:\/\/kralj-km.hr\/Webshop\/wp-json\/wp\/v2\/media?parent=9945"}],"wp:term":[{"taxonomy":"product_brand","embeddable":true,"href":"https:\/\/kralj-km.hr\/Webshop\/wp-json\/wp\/v2\/product_brand?post=9945"},{"taxonomy":"product_cat","embeddable":true,"href":"https:\/\/kralj-km.hr\/Webshop\/wp-json\/wp\/v2\/product_cat?post=9945"},{"taxonomy":"product_tag","embeddable":true,"href":"https:\/\/kralj-km.hr\/Webshop\/wp-json\/wp\/v2\/product_tag?post=9945"}],"curies":[{"name":"wp","href":"https:\/\/api.w.org\/{rel}","templated":true}]}}