{"id":9943,"date":"2024-08-13T11:47:57","date_gmt":"2024-08-13T11:47:57","guid":{"rendered":"https:\/\/kralj-km.hr\/Webshop\/?post_type=product&#038;p=9943"},"modified":"2024-08-17T14:08:29","modified_gmt":"2024-08-17T14:08:29","slug":"ulje-john-deere-plus-50-ii-15w-40-e9-5-1","status":"publish","type":"product","link":"https:\/\/kralj-km.hr\/Webshop\/product\/ulje-john-deere-plus-50-ii-15w-40-e9-5-1\/","title":{"rendered":"Ulje John Deere Plus-50 II, 15W-40 E9, 5\/1"},"content":{"rendered":"<p>Cijena bez PDV-a<\/p>\n<p>Tehni\u010dki podaci:<br \/>\nKategorije API servisa: CJ-4, CI-4,CH-4, SM, SL, SJ<br \/>\nSlijedovi ACEA ulja: E9, E7<\/p>\n<p>Prednosti:<br \/>\n\u2022 Smanjuje tro\u0161kove odr\u017eavanja i vrijeme zastoja<br \/>\n\u2022 Intervali zamjene mogu se produ\u017eiti do 500 sati ako se koriste s John Deere filtrima u John Deere motorima (za detalje pogledajte priru\u010dnik za rukovatelja)<br \/>\n\u2022 Posebno formulirano za sprje\u010davanje oksidacije, naslaga, korozije i tro\u0161enja uz vrhunsku kontrolu \u010da\u0111e<br \/>\n\u2022 Pru\u017ea maksimalnu kontrolu taloga i laka<br \/>\n\u2022 Izvrsna fluidnost na niskim temperaturama smanjuje tro\u0161enje motora po hladnom vremenu<br \/>\n\u2022 Tehnologija s niskim sadr\u017eajem pepela za produ\u017eeni radni vijek filtra \u010destica dizela<br \/>\n\u2022 Vrhunska za\u0161tita u motorima s niskim emisijama (IT4) i starijim motorima<\/p>\n","protected":false},"excerpt":{"rendered":"<p>Cijena bez PDV-a Tehni\u010dki podaci: Kategorije API servisa: CJ-4, CI-4,CH-4, SM, SL, SJ Slijedovi ACEA ulja: E9, E7 Prednosti: \u2022 Smanjuje tro\u0161kove odr\u017eavanja i vrijeme zastoja \u2022 Intervali zamjene mogu se produ\u017eiti do 500 sati ako se koriste s John Deere filtrima u John Deere motorima (za detalje pogledajte priru\u010dnik za rukovatelja) \u2022 Posebno formulirano [&hellip;]<\/p>\n","protected":false},"featured_media":9944,"comment_status":"open","ping_status":"closed","template":"","meta":{"_acf_changed":false},"product_brand":[],"product_cat":[33],"product_tag":[],"class_list":{"0":"post-9943","1":"product","2":"type-product","3":"status-publish","4":"has-post-thumbnail","6":"product_cat-ulja","7":"product_shipping_class-dostava-paketa-3-5kg","9":"first","10":"instock","11":"taxable","12":"shipping-taxable","13":"purchasable","14":"product-type-simple"},"acf":[],"_links":{"self":[{"href":"https:\/\/kralj-km.hr\/Webshop\/wp-json\/wp\/v2\/product\/9943","targetHints":{"allow":["GET"]}}],"collection":[{"href":"https:\/\/kralj-km.hr\/Webshop\/wp-json\/wp\/v2\/product"}],"about":[{"href":"https:\/\/kralj-km.hr\/Webshop\/wp-json\/wp\/v2\/types\/product"}],"replies":[{"embeddable":true,"href":"https:\/\/kralj-km.hr\/Webshop\/wp-json\/wp\/v2\/comments?post=9943"}],"wp:featuredmedia":[{"embeddable":true,"href":"https:\/\/kralj-km.hr\/Webshop\/wp-json\/wp\/v2\/media\/9944"}],"wp:attachment":[{"href":"https:\/\/kralj-km.hr\/Webshop\/wp-json\/wp\/v2\/media?parent=9943"}],"wp:term":[{"taxonomy":"product_brand","embeddable":true,"href":"https:\/\/kralj-km.hr\/Webshop\/wp-json\/wp\/v2\/product_brand?post=9943"},{"taxonomy":"product_cat","embeddable":true,"href":"https:\/\/kralj-km.hr\/Webshop\/wp-json\/wp\/v2\/product_cat?post=9943"},{"taxonomy":"product_tag","embeddable":true,"href":"https:\/\/kralj-km.hr\/Webshop\/wp-json\/wp\/v2\/product_tag?post=9943"}],"curies":[{"name":"wp","href":"https:\/\/api.w.org\/{rel}","templated":true}]}}