{"id":8449,"date":"2024-06-24T11:50:32","date_gmt":"2024-06-24T11:50:32","guid":{"rendered":"https:\/\/kralj-km.hr\/Webshop\/product\/noz-za-frezu-desni-rts\/"},"modified":"2024-08-17T14:07:55","modified_gmt":"2024-08-17T14:07:55","slug":"noz-za-frezu-desni-rts","status":"publish","type":"product","link":"https:\/\/kralj-km.hr\/Webshop\/product\/noz-za-frezu-desni-rts\/","title":{"rendered":"No\u017e za frezu desni RTS"},"content":{"rendered":"<p>\u0160irina: 5,5 cm<\/p>\n<p>Du\u017eina: 18,5 cm<\/p>\n<p>Promjer rupa: 0,5 cm<\/p>\n<p>Razmak od sredine rupe: 5,5 cm<\/p>\n<p>Te\u017eina: 425 g<\/p>\n<p>CIJENA BEZ PDV-a<\/p>\n","protected":false},"excerpt":{"rendered":"<p>\u0160irina: 5,5 cm Du\u017eina: 18,5 cm Promjer rupa: 0,5 cm Razmak od sredine rupe: 5,5 cm Te\u017eina: 425 g CIJENA BEZ PDV-a<\/p>\n","protected":false},"featured_media":8448,"comment_status":"open","ping_status":"closed","template":"","meta":{"_acf_changed":false},"product_brand":[],"product_cat":[97],"product_tag":[],"class_list":{"0":"post-8449","1":"product","2":"type-product","3":"status-publish","4":"has-post-thumbnail","6":"product_cat-dijelovi-za-prikljucke","7":"product_shipping_class-dostava-paketa-do-2kg","9":"first","10":"instock","11":"taxable","12":"shipping-taxable","13":"purchasable","14":"product-type-simple"},"acf":[],"_links":{"self":[{"href":"https:\/\/kralj-km.hr\/Webshop\/wp-json\/wp\/v2\/product\/8449","targetHints":{"allow":["GET"]}}],"collection":[{"href":"https:\/\/kralj-km.hr\/Webshop\/wp-json\/wp\/v2\/product"}],"about":[{"href":"https:\/\/kralj-km.hr\/Webshop\/wp-json\/wp\/v2\/types\/product"}],"replies":[{"embeddable":true,"href":"https:\/\/kralj-km.hr\/Webshop\/wp-json\/wp\/v2\/comments?post=8449"}],"wp:featuredmedia":[{"embeddable":true,"href":"https:\/\/kralj-km.hr\/Webshop\/wp-json\/wp\/v2\/media\/8448"}],"wp:attachment":[{"href":"https:\/\/kralj-km.hr\/Webshop\/wp-json\/wp\/v2\/media?parent=8449"}],"wp:term":[{"taxonomy":"product_brand","embeddable":true,"href":"https:\/\/kralj-km.hr\/Webshop\/wp-json\/wp\/v2\/product_brand?post=8449"},{"taxonomy":"product_cat","embeddable":true,"href":"https:\/\/kralj-km.hr\/Webshop\/wp-json\/wp\/v2\/product_cat?post=8449"},{"taxonomy":"product_tag","embeddable":true,"href":"https:\/\/kralj-km.hr\/Webshop\/wp-json\/wp\/v2\/product_tag?post=8449"}],"curies":[{"name":"wp","href":"https:\/\/api.w.org\/{rel}","templated":true}]}}