{"id":8437,"date":"2024-06-24T11:50:24","date_gmt":"2024-06-24T11:50:24","guid":{"rendered":"https:\/\/kralj-km.hr\/Webshop\/product\/noz-malcera-flail\/"},"modified":"2026-04-27T09:07:52","modified_gmt":"2026-04-27T09:07:52","slug":"noz-malcera-flail","status":"publish","type":"product","link":"https:\/\/kralj-km.hr\/Webshop\/product\/noz-malcera-flail\/","title":{"rendered":"No\u017e mal\u010dera FLAIL"},"content":{"rendered":"<p>Du\u017eina: 13,5 cm<\/p>\n<p>\u0160irina: 6 cm<\/p>\n<p>Promjer rupe: 16,5 mm<\/p>\n<p>Te\u017eina: 370 g<\/p>\n<p>CIJENA BEZ PDV-a<\/p>\n<p>&nbsp;<\/p>\n","protected":false},"excerpt":{"rendered":"<p>Du\u017eina: 13,5 cm \u0160irina: 6 cm Promjer rupe: 16,5 mm Te\u017eina: 370 g CIJENA BEZ PDV-a &nbsp;<\/p>\n","protected":false},"featured_media":8436,"comment_status":"open","ping_status":"closed","template":"","meta":{"_acf_changed":false},"product_brand":[],"product_cat":[97],"product_tag":[],"class_list":{"0":"post-8437","1":"product","2":"type-product","3":"status-publish","4":"has-post-thumbnail","6":"product_cat-dijelovi-za-prikljucke","7":"product_shipping_class-dostava-paketa-do-2kg","9":"first","10":"instock","11":"taxable","12":"shipping-taxable","13":"purchasable","14":"product-type-simple"},"acf":[],"_links":{"self":[{"href":"https:\/\/kralj-km.hr\/Webshop\/wp-json\/wp\/v2\/product\/8437","targetHints":{"allow":["GET"]}}],"collection":[{"href":"https:\/\/kralj-km.hr\/Webshop\/wp-json\/wp\/v2\/product"}],"about":[{"href":"https:\/\/kralj-km.hr\/Webshop\/wp-json\/wp\/v2\/types\/product"}],"replies":[{"embeddable":true,"href":"https:\/\/kralj-km.hr\/Webshop\/wp-json\/wp\/v2\/comments?post=8437"}],"wp:featuredmedia":[{"embeddable":true,"href":"https:\/\/kralj-km.hr\/Webshop\/wp-json\/wp\/v2\/media\/8436"}],"wp:attachment":[{"href":"https:\/\/kralj-km.hr\/Webshop\/wp-json\/wp\/v2\/media?parent=8437"}],"wp:term":[{"taxonomy":"product_brand","embeddable":true,"href":"https:\/\/kralj-km.hr\/Webshop\/wp-json\/wp\/v2\/product_brand?post=8437"},{"taxonomy":"product_cat","embeddable":true,"href":"https:\/\/kralj-km.hr\/Webshop\/wp-json\/wp\/v2\/product_cat?post=8437"},{"taxonomy":"product_tag","embeddable":true,"href":"https:\/\/kralj-km.hr\/Webshop\/wp-json\/wp\/v2\/product_tag?post=8437"}],"curies":[{"name":"wp","href":"https:\/\/api.w.org\/{rel}","templated":true}]}}