{"id":8301,"date":"2024-06-24T11:48:48","date_gmt":"2024-06-24T11:48:48","guid":{"rendered":"https:\/\/kralj-km.hr\/Webshop\/product\/noz-l-538mm-s-esterok-racni-prihvat-fi16-5\/"},"modified":"2024-08-18T08:38:44","modified_gmt":"2024-08-18T08:38:44","slug":"noz-l-538mm-s-esterok-racni-prihvat-fi16-5","status":"publish","type":"product","link":"https:\/\/kralj-km.hr\/Webshop\/product\/noz-l-538mm-s-esterok-racni-prihvat-fi16-5\/","title":{"rendered":"No\u017e L: 538 mm, \u0161esterokra\u010dni prihvat: \u00d8 16,5 prikladno za MTD &#8211; FGP011257"},"content":{"rendered":"<p>Cijena bez PDV-a!<\/p>\n","protected":false},"excerpt":{"rendered":"<p>Cijena bez PDV-a!<\/p>\n","protected":false},"featured_media":8300,"comment_status":"open","ping_status":"closed","template":"","meta":{"_acf_changed":false},"product_brand":[],"product_cat":[97],"product_tag":[],"class_list":{"0":"post-8301","1":"product","2":"type-product","3":"status-publish","4":"has-post-thumbnail","6":"product_cat-dijelovi-za-prikljucke","7":"product_shipping_class-dostava-paketa-do-2kg","9":"first","10":"instock","11":"taxable","12":"shipping-taxable","13":"purchasable","14":"product-type-simple"},"acf":[],"_links":{"self":[{"href":"https:\/\/kralj-km.hr\/Webshop\/wp-json\/wp\/v2\/product\/8301","targetHints":{"allow":["GET"]}}],"collection":[{"href":"https:\/\/kralj-km.hr\/Webshop\/wp-json\/wp\/v2\/product"}],"about":[{"href":"https:\/\/kralj-km.hr\/Webshop\/wp-json\/wp\/v2\/types\/product"}],"replies":[{"embeddable":true,"href":"https:\/\/kralj-km.hr\/Webshop\/wp-json\/wp\/v2\/comments?post=8301"}],"wp:featuredmedia":[{"embeddable":true,"href":"https:\/\/kralj-km.hr\/Webshop\/wp-json\/wp\/v2\/media\/8300"}],"wp:attachment":[{"href":"https:\/\/kralj-km.hr\/Webshop\/wp-json\/wp\/v2\/media?parent=8301"}],"wp:term":[{"taxonomy":"product_brand","embeddable":true,"href":"https:\/\/kralj-km.hr\/Webshop\/wp-json\/wp\/v2\/product_brand?post=8301"},{"taxonomy":"product_cat","embeddable":true,"href":"https:\/\/kralj-km.hr\/Webshop\/wp-json\/wp\/v2\/product_cat?post=8301"},{"taxonomy":"product_tag","embeddable":true,"href":"https:\/\/kralj-km.hr\/Webshop\/wp-json\/wp\/v2\/product_tag?post=8301"}],"curies":[{"name":"wp","href":"https:\/\/api.w.org\/{rel}","templated":true}]}}