{"id":11816,"date":"2025-10-08T07:54:02","date_gmt":"2025-10-08T07:54:02","guid":{"rendered":"https:\/\/kralj-km.hr\/Webshop\/?post_type=product&#038;p=11816"},"modified":"2025-10-08T07:54:02","modified_gmt":"2025-10-08T07:54:02","slug":"donja-poteznica-kat-1-730-mm-z622735kr","status":"publish","type":"product","link":"https:\/\/kralj-km.hr\/Webshop\/product\/donja-poteznica-kat-1-730-mm-z622735kr\/","title":{"rendered":"Donja poteznica kat. 1 &#8211; 730 mm &#8211; Z622735KR"},"content":{"rendered":"<p>Cijena bez PDV-a!<\/p>\n<p data-start=\"0\" data-end=\"58\">E Prva rupa do kraja glavnog dijela \u2013 udaljenost: 107 mm<\/p>\n<p data-start=\"60\" data-end=\"85\">H Promjer otvora: 20 mm<\/p>\n<p data-start=\"87\" data-end=\"120\">F Udaljenost izme\u0111u rupa: 41 mm<\/p>\n<p data-start=\"122\" data-end=\"137\">Broj rupa: 9<\/p>\n<p data-start=\"139\" data-end=\"174\">I Promjer monta\u017enih rupa: 11,5 mm<\/p>\n<p data-start=\"176\" data-end=\"209\">G Promjer poteznog klina: 22 mm<\/p>\n<p data-start=\"211\" data-end=\"234\">D Du\u017eina klina: 58 mm<\/p>\n<p data-start=\"236\" data-end=\"261\">A Ukupna du\u017eina: 730 mm<\/p>\n<p data-start=\"263\" data-end=\"308\" data-is-last-node=\"\" data-is-only-node=\"\">B C \u0160irina (promjer) profila: 30 mm, 61,5 mm<\/p>\n","protected":false},"excerpt":{"rendered":"<p>Cijena bez PDV-a! E Prva rupa do kraja glavnog dijela \u2013 udaljenost: 107 mm H Promjer otvora: 20 mm F Udaljenost izme\u0111u rupa: 41 mm Broj rupa: 9 I Promjer monta\u017enih rupa: 11,5 mm G Promjer poteznog klina: 22 mm D Du\u017eina klina: 58 mm A Ukupna du\u017eina: 730 mm B C \u0160irina (promjer) profila: [&hellip;]<\/p>\n","protected":false},"featured_media":11817,"comment_status":"open","ping_status":"closed","template":"","meta":{"_acf_changed":false},"product_brand":[],"product_cat":[112],"product_tag":[],"class_list":{"0":"post-11816","1":"product","2":"type-product","3":"status-publish","4":"has-post-thumbnail","6":"product_cat-kugle-i-poteznice","7":"product_shipping_class-dostava-paketa-10-15kg","9":"first","10":"instock","11":"taxable","12":"shipping-taxable","13":"purchasable","14":"product-type-simple"},"acf":[],"_links":{"self":[{"href":"https:\/\/kralj-km.hr\/Webshop\/wp-json\/wp\/v2\/product\/11816","targetHints":{"allow":["GET"]}}],"collection":[{"href":"https:\/\/kralj-km.hr\/Webshop\/wp-json\/wp\/v2\/product"}],"about":[{"href":"https:\/\/kralj-km.hr\/Webshop\/wp-json\/wp\/v2\/types\/product"}],"replies":[{"embeddable":true,"href":"https:\/\/kralj-km.hr\/Webshop\/wp-json\/wp\/v2\/comments?post=11816"}],"wp:featuredmedia":[{"embeddable":true,"href":"https:\/\/kralj-km.hr\/Webshop\/wp-json\/wp\/v2\/media\/11817"}],"wp:attachment":[{"href":"https:\/\/kralj-km.hr\/Webshop\/wp-json\/wp\/v2\/media?parent=11816"}],"wp:term":[{"taxonomy":"product_brand","embeddable":true,"href":"https:\/\/kralj-km.hr\/Webshop\/wp-json\/wp\/v2\/product_brand?post=11816"},{"taxonomy":"product_cat","embeddable":true,"href":"https:\/\/kralj-km.hr\/Webshop\/wp-json\/wp\/v2\/product_cat?post=11816"},{"taxonomy":"product_tag","embeddable":true,"href":"https:\/\/kralj-km.hr\/Webshop\/wp-json\/wp\/v2\/product_tag?post=11816"}],"curies":[{"name":"wp","href":"https:\/\/api.w.org\/{rel}","templated":true}]}}