{"id":11771,"date":"2025-10-02T08:04:52","date_gmt":"2025-10-02T08:04:52","guid":{"rendered":"https:\/\/kralj-km.hr\/Webshop\/?post_type=product&#038;p=11771"},"modified":"2025-10-02T08:04:52","modified_gmt":"2025-10-02T08:04:52","slug":"rocket-tt-300ml-super-podmazivac-rst300","status":"publish","type":"product","link":"https:\/\/kralj-km.hr\/Webshop\/product\/rocket-tt-300ml-super-podmazivac-rst300\/","title":{"rendered":"Rocket TT 300ml super podmaziva\u010d &#8211; RST300"},"content":{"rendered":"<p>Cijena bez PDV-a!<\/p>\n<ul>\n<li>\u0160titi metalne povr\u0161ine sprje\u010davaju\u0107i hr\u0111u i koroziju. Njegova napredna formula stvara izdr\u017eljivu barijeru, idealnu za predmete skladi\u0161tene na otvorenom ili u vla\u017enim okru\u017eenjima, osiguravaju\u0107i dugotrajnu za\u0161titu.<\/li>\n<li>Smanjuje trenje i osigurava nesmetan rad pokretnih dijelova. Prodire u mehani\u010dke komponente, pru\u017eaju\u0107i dugotrajno podmazivanje idealno za brave, \u0161ine, \u0161arke i ru\u010dke, pobolj\u0161avaju\u0107i efikasnost i dugovje\u010dnost.<\/li>\n<li>Odbija vlagu i sprje\u010dava hr\u0111u i koroziju, \u0161tite\u0107i spojeve i konekcije od o\u0161te\u0107enja. Njegovo sna\u017eno djelovanje osloba\u0111a zahr\u0111ale dijelove, olak\u0161avaju\u0107i otpu\u0161tanje zaglavljenih vijaka, matica i \u0161arafa.<\/li>\n<li>Efikasno uklanja tvrdokorne ostatke.<\/li>\n<li>Sadr\u017eaj: 300ml<\/li>\n<\/ul>\n","protected":false},"excerpt":{"rendered":"<p>Cijena bez PDV-a! \u0160titi metalne povr\u0161ine sprje\u010davaju\u0107i hr\u0111u i koroziju. Njegova napredna formula stvara izdr\u017eljivu barijeru, idealnu za predmete skladi\u0161tene na otvorenom ili u vla\u017enim okru\u017eenjima, osiguravaju\u0107i dugotrajnu za\u0161titu. Smanjuje trenje i osigurava nesmetan rad pokretnih dijelova. Prodire u mehani\u010dke komponente, pru\u017eaju\u0107i dugotrajno podmazivanje idealno za brave, \u0161ine, \u0161arke i ru\u010dke, pobolj\u0161avaju\u0107i efikasnost i dugovje\u010dnost. [&hellip;]<\/p>\n","protected":false},"featured_media":11772,"comment_status":"open","ping_status":"closed","template":"","meta":{"_acf_changed":false},"product_brand":[],"product_cat":[31],"product_tag":[],"class_list":{"0":"post-11771","1":"product","2":"type-product","3":"status-publish","4":"has-post-thumbnail","6":"product_cat-boje-i-sprejevi","7":"product_shipping_class-dostava-paketa-do-2kg","9":"first","10":"instock","11":"taxable","12":"shipping-taxable","13":"purchasable","14":"product-type-simple"},"acf":[],"_links":{"self":[{"href":"https:\/\/kralj-km.hr\/Webshop\/wp-json\/wp\/v2\/product\/11771","targetHints":{"allow":["GET"]}}],"collection":[{"href":"https:\/\/kralj-km.hr\/Webshop\/wp-json\/wp\/v2\/product"}],"about":[{"href":"https:\/\/kralj-km.hr\/Webshop\/wp-json\/wp\/v2\/types\/product"}],"replies":[{"embeddable":true,"href":"https:\/\/kralj-km.hr\/Webshop\/wp-json\/wp\/v2\/comments?post=11771"}],"wp:featuredmedia":[{"embeddable":true,"href":"https:\/\/kralj-km.hr\/Webshop\/wp-json\/wp\/v2\/media\/11772"}],"wp:attachment":[{"href":"https:\/\/kralj-km.hr\/Webshop\/wp-json\/wp\/v2\/media?parent=11771"}],"wp:term":[{"taxonomy":"product_brand","embeddable":true,"href":"https:\/\/kralj-km.hr\/Webshop\/wp-json\/wp\/v2\/product_brand?post=11771"},{"taxonomy":"product_cat","embeddable":true,"href":"https:\/\/kralj-km.hr\/Webshop\/wp-json\/wp\/v2\/product_cat?post=11771"},{"taxonomy":"product_tag","embeddable":true,"href":"https:\/\/kralj-km.hr\/Webshop\/wp-json\/wp\/v2\/product_tag?post=11771"}],"curies":[{"name":"wp","href":"https:\/\/api.w.org\/{rel}","templated":true}]}}