{"id":11225,"date":"2025-02-11T08:41:05","date_gmt":"2025-02-11T08:41:05","guid":{"rendered":"https:\/\/kralj-km.hr\/Webshop\/?post_type=product&#038;p=11225"},"modified":"2025-02-11T08:41:06","modified_gmt":"2025-02-11T08:41:06","slug":"filter-goriva-granit-4059139094363","status":"publish","type":"product","link":"https:\/\/kralj-km.hr\/Webshop\/product\/filter-goriva-granit-4059139094363\/","title":{"rendered":"Filter goriva Granit &#8211; 4059139094363"},"content":{"rendered":"<p>Cijena bez PDV-a!<\/p>\n<p>Vanjski \u00d8 (mm): 49<br \/>\nD (mm): 49<br \/>\nNavoj: 3\/8<br \/>\nVisina (mm): 100<br \/>\nOEM broj: D139225<br \/>\nMANN br.: \/<br \/>\nCrosland br.: \/<br \/>\nF (mm): 3\/8&#8243;<br \/>\nH (mm): 100<br \/>\nG (mm): 3\/8&#8243;<br \/>\nFleetguard br.: FF5098<br \/>\nProizvo\u0111a\u010d: Wilhelm Fricke SE, Zum Kreuzkamp 7, 27404 Heeslingen, Njema\u010dka<br \/>\nTe\u017eina: 74 g<br \/>\nEAN kodovi: 4059139094363<\/p>\n","protected":false},"excerpt":{"rendered":"<p>Cijena bez PDV-a! Vanjski \u00d8 (mm): 49 D (mm): 49 Navoj: 3\/8 Visina (mm): 100 OEM broj: D139225 MANN br.: \/ Crosland br.: \/ F (mm): 3\/8&#8243; H (mm): 100 G (mm): 3\/8&#8243; Fleetguard br.: FF5098 Proizvo\u0111a\u010d: Wilhelm Fricke SE, Zum Kreuzkamp 7, 27404 Heeslingen, Njema\u010dka Te\u017eina: 74 g EAN kodovi: 4059139094363<\/p>\n","protected":false},"featured_media":11226,"comment_status":"open","ping_status":"closed","template":"","meta":{"_acf_changed":false},"product_brand":[],"product_cat":[118,90],"product_tag":[],"class_list":{"0":"post-11225","1":"product","2":"type-product","3":"status-publish","4":"has-post-thumbnail","6":"product_cat-filteri","7":"product_cat-traktorski-dijelovi","8":"product_shipping_class-dostava-paketa-do-2kg","10":"first","11":"instock","12":"taxable","13":"shipping-taxable","14":"purchasable","15":"product-type-simple"},"acf":[],"_links":{"self":[{"href":"https:\/\/kralj-km.hr\/Webshop\/wp-json\/wp\/v2\/product\/11225","targetHints":{"allow":["GET"]}}],"collection":[{"href":"https:\/\/kralj-km.hr\/Webshop\/wp-json\/wp\/v2\/product"}],"about":[{"href":"https:\/\/kralj-km.hr\/Webshop\/wp-json\/wp\/v2\/types\/product"}],"replies":[{"embeddable":true,"href":"https:\/\/kralj-km.hr\/Webshop\/wp-json\/wp\/v2\/comments?post=11225"}],"wp:featuredmedia":[{"embeddable":true,"href":"https:\/\/kralj-km.hr\/Webshop\/wp-json\/wp\/v2\/media\/11226"}],"wp:attachment":[{"href":"https:\/\/kralj-km.hr\/Webshop\/wp-json\/wp\/v2\/media?parent=11225"}],"wp:term":[{"taxonomy":"product_brand","embeddable":true,"href":"https:\/\/kralj-km.hr\/Webshop\/wp-json\/wp\/v2\/product_brand?post=11225"},{"taxonomy":"product_cat","embeddable":true,"href":"https:\/\/kralj-km.hr\/Webshop\/wp-json\/wp\/v2\/product_cat?post=11225"},{"taxonomy":"product_tag","embeddable":true,"href":"https:\/\/kralj-km.hr\/Webshop\/wp-json\/wp\/v2\/product_tag?post=11225"}],"curies":[{"name":"wp","href":"https:\/\/api.w.org\/{rel}","templated":true}]}}